l*a - 5*a - 12 = 0. Let o(x) = x - 1. Determine o(a).
-5
Let n(i) = -5*i + 3. Let s = 48 + -45. Calculate n(s).
-12
Suppose -b = 4 - 1. Let s(f) = -2 - 2 + 3 - f**2. Calculate s(b).
-10
Let i = -53/3 - -18. Let d(h) be the first derivative of 0*h**2 + 1/4*h**4 + h + 1 - i*h**3. Calculate d(2).
5
Let q(w) = -w**2 - 26674 + 2*w + 26672 - w**3 + 4*w**2. Suppose 2*g + 1 - 9 = 0. Calculate q(g).
-10
Let i be (-2)/(-8) - (-7)/4. Let a be (-4)/2 + i/(-1). Let c(t) be the first derivative of t**2/2 - t - 9. Determine c(a).
-5
Let i(a) = 2*a**2 + a - 4. Let k(c) = c**2 + 1. Let y be k(2). Suppose -30 = y*w + 4*x - x, -4*w - 2*x = 22. Determine i(w).
11
Let v(h) be the second derivative of 0 + 2*h + 0*h**3 + 1/12*h**4 + 0*h**2. What is v(-1)?
1
Let w(i) = -7*i + 7*i + 0*i**2 - 6*i**2. Suppose 0 = -2*z - 1 - 1. Give w(z).
-6
Let b = 5 - 5. Let h = 4 + b. Suppose -4*d = -24 + h. Let x(j) = -j**2 + 5*j - 2. What is x(d)?
-2
Let f(h) = 9*h**3 - 5*h**2 + 6*h + 5. Let m(d) = -10*d**3 + 6*d**2 - 7*d - 6. Let b(j) = -6*f(j) - 5*m(j). Calculate b(-1).
5
Let v(l) be the third derivative of -l**4/6 + 5*l**3/6 + 8*l**2. Suppose -4*o + 5*z + 6 = -8, -3*o - 4*z = -26. Let q be (o/15)/(3/30). Give v(q).
-11
Let k(u) = 35*u + 0*u**3 - 2 - 17*u - 25*u - 6*u**2 + u**3. Give k(7).
-2
Let d(m) = 2*m**2 - m - 3*m**2 - 4 + 0. Let f = -28 + 16. Let v(r) = -r**3 - 11*r**2 + 13*r + 12. Let y be v(f). Give d(y).
-4
Suppose 2*w + 4 = -b - 9, -4*b - 5*w - 37 = 0. Let x(f) = -f**2 - 2*f + 4. Give x(b).
1
Let a(y) = -10*y**2 - 4*y - 4. Let i(f) = 9*f**2 + 3*f + 3. Let u(x) = -3*a(x) - 4*i(x). Calculate u(1).
-6
Let o(h) = h**2 + 5*h - 1. Let s be 36/(-8)*(-4)/(-3). Calculate o(s).
5
Let f(t) = -7 + 6 + 6 - t**2 + 4*t. What is f(5)?
0
Let m(k) = -10*k**2 - 1. Let r(p) be the third derivative of p**5/60 + p**4/8 + p**3/2 + p**2. Let q be r(-2). Calculate m(q).
-11
Let y(c) = 2*c**2 - c - 6. Let m(t) = t**2 + t. Let o(x) = 2*x**2 - x - 7. Let a(v) = -m(v) - o(v). Let h(z) = -3*a(z) - 4*y(z). Calculate h(-4).
3
Let h = 0 - 0. Let s(v) = -17*v - 15*v - 4 + 31*v. Determine s(h).
-4
Let m(j) = -j - 11. Suppose -g + 3*g - 4 = 0. Suppose 20 = -2*d - g*d. What is m(d)?
-6
Let y(n) = -10*n**2 + n. Let u(i) = 21*i**2 - 2*i. Let g(d) = -4*u(d) - 9*y(d). Let t be g(1). Let f(l) = -2*l. Determine f(t).
-10
Suppose 11 = 3*c - 13. Let d be c/(-3)*(-12)/8. Let n(p) = 0*p**2 - p**2 + 1 - 3*p + d*p + 0*p**2. Calculate n(3).
-5
Let g(f) be the second derivative of -f**4/12 - 5*f**3/3 - 5*f**2 + 34*f. What is g(-7)?
11
Let n = 4 - 7. Let x(r) be the second derivative of -r**6/360 - r**5/40 - r**4/8 + r**3/3 + r. Let t(p) be the second derivative of x(p). Give t(n).
-3
Let q(m) = 10*m**2 + 23*m - 25. Let w(v) = 3*v**2 + 7*v - 8. Let f(r) = -2*q(r) + 7*w(r). Calculate f(-6).
12
Let t(u) = -u**3 - 3*u**2 + 3*u + 5. Let w be t(-4). Suppose -4*x - w = -33. Let h(l) = -3*l**2 + 2*l - l**3 + 4 - 1 + 1 - x. What is h(-4)?
6
Suppose -6 = 2*m + 2*h, 5*m - 2*h - 6 = -0*m. Let b(n) = n**2 + n + 2. What is b(m)?
2
Let t(j) be the second derivative of -j**6/360 - j**5/24 - j**4/12 + 2*j. Let h(c) be the third derivative of t(c). Suppose -27 + 2 = 5*i. Determine h(i).
5
Let j(u) = 7*u + 15. Let r(v) = -3*v - 7. Let k be 22/(-5) - (-4)/10. Let b(w) = k*j(w) - 9*r(w). Suppose 2*t = 3*p + 3, 2*t + 4*p + 1 = 25. Give b(t).
-3
Let u(h) = -7*h**2 + h. Let m(c) = -c**3 - 3*c**2 + 2*c - 7. Let t be m(-4). What is u(t)?
-6
Let c(j) be the first derivative of -j**6/120 - j**5/15 - j**4/24 + j**3/6 + 3*j**2/2 + 2. Let d(o) be the second derivative of c(o). Determine d(-4).
5
Let u(a) = -a**2 - 4*a - 3. Suppose -7*d + 2*d + 4*q + 46 = 0, -4*d + 36 = -4*q. Let t(x) = -x + 7. Let b be t(d). Determine u(b).
0
Suppose 6*i - 4*i - 10 = 0. Let p = -3 + i. Let g(c) = -6 + p*c + c - 5*c - 2*c. Determine g(-4).
10
Let n(t) = t + 6. Let i be 2/6*3 + 10. Let p = i - 8. Let l = p - 9. What is n(l)?
0
Let s(a) = a + 4. Let w be s(2). Let t(n) = -2*n**2 + 10*n - 9. Determine t(w).
-21
Let r(i) = 0*i + 9*i**2 + 2 - 4*i - i**2 - 7*i**2. What is r(5)?
7
Let d = 92/5 + -179/10. Let z(k) be the second derivative of -d*k**4 + 1/6*k**3 - 3*k + 4*k**2 - 1/20*k**5 + 0. Calculate z(-6).
2
Let l(u) = -9*u + 3. Let g(x) = 4*x - 1. Suppose 3*s = 2*s + 5. Suppose 20 = -5*f - s. Let m(y) = f*g(y) - 2*l(y). What is m(-5)?
9
Let m(n) be the third derivative of 1/4*n**4 + 0*n + 1/3*n**3 + 0 + n**2 - 1/60*n**5. What is m(7)?
-5
Let a = 6 - 3. Suppose 3*h - 12 = 0, 0 = 2*n + a*h + h - 20. Let p(z) = -3 - 2*z - z - 5*z**2 + 3*z**n. Calculate p(-2).
-5
Let o(r) = 10 + 13 - 2*r**2 - 23 + 3*r**2. Let k be 1*(0 + -2)/2. What is o(k)?
1
Let q(w) = -w - 18. Let x(f) = f + 19. Let o(t) = 6*q(t) + 5*x(t). Calculate o(-13).
0
Let s(r) = r**3 - 8*r**2 - 1. Suppose 4*o - 20 = -3*v, 3*o = -v + 3 + 2. Let b be s(v). Let u(p) = -3*p + 1. What is u(b)?
4
Let o(i) = -2*i - 6. Let u be (3 + 1)*(-4 - -3). What is o(u)?
2
Let w(n) be the first derivative of -n**2/2 + 5*n + 18. Give w(6).
-1
Suppose 0 = 2*h - 11 + 3. Suppose -h*z = 5 - 1. Let y(i) = 4*i**3 + i**2 - 1. What is y(z)?
-4
Suppose 24 + 8 = -4*a. Let i(x) = x**3 + 8*x**2 - 4. Calculate i(a).
-4
Let g(i) = -i**2 + 3*i + 3. Let k = -1 + 5. What is g(k)?
-1
Let d(h) = -3*h - 7. Let n(m) = 5*m + 8. Let x be n(-3). What is d(x)?
14
Let t(k) be the second derivative of -k**3/6 - 5*k. What is t(-6)?
6
Suppose -2*g = f - 2, -2 = -2*f + f. Let q(r) be the third derivative of 0*r**4 + 3*r**2 + 0 + 1/6*r**3 + g*r - 7/60*r**5. Give q(1).
-6
Let w(g) be the second derivative of g**3/3 - g. Suppose 0*u + 4 = 2*u. Determine w(u).
4
Let l(y) = 0*y + 3 + 4*y - 2*y. Suppose -r - 3*d = d - 2, 0 = d. Suppose -9 = -0*a - 3*a, r*a = 3*v + 18. Calculate l(v).
-5
Let l(u) be the third derivative of u**6/120 + 11*u**3/6 - 14*u**2. Determine l(0).
11
Let h(l) = -l**3 + 6*l**2 - l + 6. Let k be (20 - 5) + -3*1. Let s = k + -6. What is h(s)?
0
Let k(n) be the third derivative of n**5/60 - n**4/8 + 7*n**3/6 - 4*n**2. Calculate k(5).
17
Let n = -1 + 7. Let p = n - 2. Let h(w) = -7*w + 10. Let u(t) = 6*t - 9. Let o(y) = -5*h(y) - 6*u(y). Give o(p).
0
Let n = -7 + 6. Let p = -1 - n. Let d = -3 - p. Let c(o) = 2*o**2 + 5*o + 3. Calculate c(d).
6
Let t(p) = p**2 - p. Let b be (-4)/(-16) + 21/12. Suppose i + 2 = -2*g, 0 = 2*g - 0*i + 5*i + b. Determine t(g).
2
Let n = 8 + -13. Let d(j) be the first derivative of -j**5/120 - j**4/24 + 4*j**3/3 - 5. Let b(g) be the third derivative of d(g). Calculate b(n).
4
Let t(s) = -s + 1. Let k be 1/((-5)/5)*1. Give t(k).
2
Suppose -2 - 13 = -3*z. Suppose 0 = o - 5*o, 5*o = z*b - 20. Let v(t) = 2*t**2 - 5*t + 2. Let c(n) = n**2 + 1. Let h(i) = -c(i) + v(i). Give h(b).
-3
Let d be (-8)/20 - 17/(-5). Suppose 5*y - 24 = -3*r, d*y - 8 = 1. Let x(u) = u**r + 6*u - 1 - 4*u**2 - 2*u**2 + 4. Calculate x(5).
8
Let x(z) = -z**3 - 6*z**2 + 5. Suppose -m + 5*c - 11 = 0, 0*c + 32 = -5*m + 2*c. What is x(m)?
5
Suppose 12 = 4*b, -3*n + 6*n - 12 = b. Let k(l) = -4*l - 4. What is k(n)?
-24
Suppose -8*s = -11*s - 15. Let f(d) = -8 + 2 - 2*d + 3*d. What is f(s)?
-11
Let y(a) = -2*a + 7. Suppose 0 = -4*v + 20. Calculate y(v).
-3
Suppose -2*l = -17 - 5. Let r(n) = 9 - l + 2*n**2 + 4*n**3 - 4*n**3 - 2*n**3. Give r(2).
-10
Let t(l) = l**2 + 9*l + 4. Let q = 13 - 22. Give t(q).
4
Let u(r) = r**3 + 4*r**2 - 5*r + 1. Suppose -d + 4*c = -3, 3*d - 2*d = c - 3. Let l be u(d). Let w(y) = -y**3 + y**2. Calculate w(l).
0
Suppose -16 = -3*u + 8. Let l be (u/28)/((-3)/(-21)). Let h(p) = -p**2 + 2*p - 3. Calculate h(l).
-3
Let t = -2 + 2. Let j(k) = 5 - 2 - k + t. Let m(v) = 3*v + 11. Let q be m(-5). Calculate j(q).
7
Let a(v) = v**3 + 2*v**2 + v. Suppose t = -3*t - 4. Let b be 2 - (t - (-4)/(-2)). Suppose 4 + 6 = -b*s. Calculate a(s).
-2
Let h be 4/10 + (-26)/(-10). Let r be 1 - h/((-1)/1). Let s(u) be the third derivative of u**5/60 - 5*u**4/24 + 5*u**3/6 - 22*u**2. Calculate s(r).
1
Suppose -2*m - 2*p = -102, -5*m - 3*p + 286 = 25. Let j(y) = -50*y**3 - y + 2*y**2 - 4*y**2 + m*y**3. Let k be (1/(-2) + 0)*2. Give j(k).
-5
Let k = 1 + -4. Let b(g) = -g**2 - 2*g - 4. Calculate b(k).
-7
Let y(n) = n**2 + 7*n + 2. Suppose -l - 2 = 1. Give y(l).
-10
Suppose 6 = -2*d - 6. Let p(s) be the third derivative of s**6/360 + 3*s**5/40 - 11*s**4/24 - 9*s**2. Let 